{"id":26,"date":"2024-12-02T15:25:06","date_gmt":"2024-12-02T15:25:06","guid":{"rendered":"http:\/\/ctih.local\/?page_id=26"},"modified":"2025-05-02T14:53:48","modified_gmt":"2025-05-02T14:53:48","slug":"ctih","status":"publish","type":"page","link":"https:\/\/ctih.ffzg.unizg.hr\/index.php\/o-nama\/ctih\/","title":{"rendered":"CTIH"},"content":{"rendered":"\n<p>Odlukom Vije\u0107a Filozofskog fakulteta Sveu\u010dili\u0161ta u Zagrebu 11. listopada 2023. osnovan je Centar za teorijska istra\u017eivanja u humanistici.&nbsp;&nbsp;&nbsp;<\/p>\n\n\n\n<p>Temeljna je svrha Centra povezivanje postoje\u0107ih istra\u017eiva\u010dkih, izdava\u010dkih, diseminacijskih i nastavnih aktivnosti koje se provode u okviru razli\u010ditih humanisti\u010dkih disciplina, a koje imaju naglasak na teoriji (teorija knji\u017eevnosti, teorija umjetnosti, teorija povijesti, intelektualna povijest, filozofija, etnologija i kulturna antropologija, epistemologija znanosti, kulturalni studiji, medijski studiji itd.). Osim prema interdisciplinamosti i transdisciplinamosti u humanisti\u010dkim teorijama, Centar je usmjeren na njihovo povezivanje sa srodnim teorijskim tendencijama u dru\u0161tvenim i drugim znanstvenim granama i disciplinama. U skladu s tim na\u010delima, Centar \u0107e promicati suradnju s razli\u010ditim zainteresiranim partnerima (istra\u017eiva\u010dkim, obrazovnim, kulturnim i nevladinim organizacijama).<\/p>\n\n\n\n<p><\/p>\n","protected":false},"excerpt":{"rendered":"<p>Odlukom Vije\u0107a Filozofskog fakulteta Sveu\u010dili\u0161ta u Zagrebu 11. listopada 2023. osnovan je Centar za teorijska istra\u017eivanja u humanistici.&nbsp;&nbsp;&nbsp; Temeljna je svrha Centra povezivanje postoje\u0107ih istra\u017eiva\u010dkih, izdava\u010dkih, diseminacijskih i nastavnih aktivnosti koje se provode u okviru razli\u010ditih humanisti\u010dkih disciplina, a koje imaju naglasak na teoriji (teorija knji\u017eevnosti, teorija umjetnosti, teorija povijesti, intelektualna povijest, filozofija, etnologija i<\/p>\n<p><a class=\"btn btn-secondary understrap-read-more-link\" href=\"https:\/\/ctih.ffzg.unizg.hr\/index.php\/o-nama\/ctih\/\">Read More<span class=\"screen-reader-text\"> from CTIH<\/span><\/a><\/p>\n","protected":false},"author":2,"featured_media":0,"parent":17,"menu_order":0,"comment_status":"closed","ping_status":"closed","template":"","meta":{"_acf_changed":false,"inline_featured_image":false,"footnotes":""},"class_list":["post-26","page","type-page","status-publish","hentry"],"acf":[],"_links":{"self":[{"href":"https:\/\/ctih.ffzg.unizg.hr\/index.php\/wp-json\/wp\/v2\/pages\/26","targetHints":{"allow":["GET"]}}],"collection":[{"href":"https:\/\/ctih.ffzg.unizg.hr\/index.php\/wp-json\/wp\/v2\/pages"}],"about":[{"href":"https:\/\/ctih.ffzg.unizg.hr\/index.php\/wp-json\/wp\/v2\/types\/page"}],"author":[{"embeddable":true,"href":"https:\/\/ctih.ffzg.unizg.hr\/index.php\/wp-json\/wp\/v2\/users\/2"}],"replies":[{"embeddable":true,"href":"https:\/\/ctih.ffzg.unizg.hr\/index.php\/wp-json\/wp\/v2\/comments?post=26"}],"version-history":[{"count":3,"href":"https:\/\/ctih.ffzg.unizg.hr\/index.php\/wp-json\/wp\/v2\/pages\/26\/revisions"}],"predecessor-version":[{"id":624,"href":"https:\/\/ctih.ffzg.unizg.hr\/index.php\/wp-json\/wp\/v2\/pages\/26\/revisions\/624"}],"up":[{"embeddable":true,"href":"https:\/\/ctih.ffzg.unizg.hr\/index.php\/wp-json\/wp\/v2\/pages\/17"}],"wp:attachment":[{"href":"https:\/\/ctih.ffzg.unizg.hr\/index.php\/wp-json\/wp\/v2\/media?parent=26"}],"curies":[{"name":"wp","href":"https:\/\/api.w.org\/{rel}","templated":true}]}}