{"id":30,"date":"2024-12-02T15:26:03","date_gmt":"2024-12-02T15:26:03","guid":{"rendered":"http:\/\/ctih.local\/?page_id=30"},"modified":"2026-01-19T11:36:33","modified_gmt":"2026-01-19T11:36:33","slug":"vijece","status":"publish","type":"page","link":"https:\/\/ctih.ffzg.unizg.hr\/index.php\/o-nama\/vijece\/","title":{"rendered":"Vije\u0107e"},"content":{"rendered":"\n<p>Vije\u0107e Centra \u010dine: voditelj Centra, zamjenik voditelja Centra, svi nastavnici koji u teku\u0107oj akademskoj godini sudjeluju u aktivnostima koje koordinira i izvodi Centar, te \u010dlanica Uprave Filozofskog fakulteta <a href=\"https:\/\/kroat.ffzg.unizg.hr\/index.php\/starija-knjizevnost1\/88-dolores-grmaca\">izv. prof. dr. sc Dolores Grma\u010da<\/a>, prodekanica za studijske programe i cjeo\u017eivotno obrazovanje.<\/p>\n\n\n\n<p>\u010clanice i \u010dlanovi:<\/p>\n\n\n\n<p>1. <a href=\"https:\/\/kroat.ffzg.unizg.hr\/index.php\/teorija-knjizevnosti1\/55-zrinka-bozic\">izv. prof. dr. sc. Zrinka Bo\u017ei\u0107<\/a><\/p>\n\n\n\n<p>2. <a href=\"https:\/\/povijest.ffzg.unizg.hr\/nastavnici\/branimir_jankovic\/\">izv. prof. dr. sc. Branimir Jankovi\u0107<\/a><\/p>\n\n\n\n<p>3. <a href=\"https:\/\/kroat.ffzg.unizg.hr\/index.php\/novija-knjizevnost1\/81-marina-protrka-stimec\">prof. dr. sc. Marina Protrka \u0160timec<\/a><\/p>\n\n\n\n<p>4. <a href=\"https:\/\/etno.ffzg.unizg.hr\/nastavnici\/dr-sc-tanja-bukovcan\/\">izv. prof. dr. sc. Tanja Bukov\u010dan<\/a><\/p>\n\n\n\n<p>5. <a href=\"https:\/\/rusistika.ffzg.unizg.hr\/?page_id=110\">izv. prof. dr. sc. Danijela Lugari\u0107 Vukas<\/a><\/p>\n\n\n\n<p>6. <a href=\"https:\/\/filoz.ffzg.unizg.hr\/nastavnici\/mislav-zitko\/\">doc. dr. sc. Mislav \u017ditko<\/a><\/p>\n\n\n\n<p>7. <a href=\"https:\/\/kroat.ffzg.unizg.hr\/index.php\/teorija-knjizevnosti1\/56-andrea-milanko\">doc. dr. sc. Andrea Milanko<\/a><\/p>\n\n\n\n<p>8. <a href=\"http:\/\/www.ffzg.unizg.hr\/kompk\/index.php?show=page.php&amp;idPage=74\">doc. dr. sc. Ana Tomljenovi\u0107<\/a><\/p>\n\n\n\n<p>9. <a href=\"https:\/\/kroat.ffzg.unizg.hr\/index.php\/teorija-knjizevnosti1\/57-zvonimir-glavas\">doc. dr. sc. Zvonimir Glava\u0161<\/a><\/p>\n\n\n\n<p>10. <a href=\"https:\/\/www.ffzg.unizg.hr\/roman\/francuski\/nastavnici\/dr-sc-nenad-ivic-red-prof\/\">prof. dr. sc. Nenad Ivi\u0107<\/a> (red. prof. u miru)<\/p>\n\n\n\n<p>11. <a href=\"https:\/\/www.ffzg.unizg.hr\/kompk\/index.php?show=page.php&amp;idPage=53\">prof. dr. sc. Dean Duda<\/a><\/p>\n\n\n\n<p>12. <a href=\"https:\/\/kroat.ffzg.unizg.hr\/index.php\/teorija-knjizevnosti1\/3233-mirela-dakic\">dr. sc. Mirela Daki\u0107<\/a><\/p>\n\n\n\n<p>13. <a href=\"https:\/\/www.caponeu.eu\/cdp\/people\/karlo-drzaic\">Karlo Dr\u017eai\u0107, asistent<\/a><\/p>\n\n\n\n<p>14. <a href=\"https:\/\/www.caponeu.eu\/cdp\/people\/ante-andabak\">Ante Andabak, asistent<\/a><a href=\"\"><\/a><\/p>\n\n\n\n<p>15. <a href=\"https:\/\/www.caponeu.eu\/cdp\/people\/eric-bergman\">dr. sc. Eric Bergman, vi\u0161i asistent<\/a><\/p>\n\n\n\n<p>16. <a href=\"https:\/\/theta.ffzg.hr\/ECTS\/Osoba\/Index\/5757\">dr. sc. Nikola Toma\u0161egovi\u0107, vi\u0161i asistent<\/a><\/p>\n\n\n\n<p>17. <a href=\"http:\/\/www.ffzg.unizg.hr\/kompk\/index.php?show=page.php&amp;idPage=21\">izv. prof. dr. sc. Tomislav Brlek<\/a><\/p>\n\n\n\n<p>18. <a href=\"https:\/\/www.ffzg.unizg.hr\/kompk\/index.php?show=page.php&amp;idPage=51\">prof. dr. sc. Lada \u010cale Feldman<\/a><\/p>\n\n\n\n<p>19. <a href=\"https:\/\/kroat.ffzg.unizg.hr\/index.php\/novija-knjizevnost1\/79-masa-kolanovic\">izv. prof. dr. sc. Ma\u0161a Kolanovi\u0107<\/a><\/p>\n\n\n\n<p>20. <a href=\"https:\/\/www.ffzg.unizg.hr\/german\/cms\/index.php?option=com_content&amp;task=view&amp;id=1360\">prof. dr. sc. Milka Car Priji\u0107<\/a><\/p>\n\n\n\n<p>21. <a href=\"https:\/\/kroat.ffzg.unizg.hr\/index.php\/stilistika1\/19-anera-ryznar\">izv. prof. dr. sc. Anera Ryznar<\/a><\/p>\n\n\n\n<p>22. <a href=\"https:\/\/kroat.ffzg.unizg.hr\/index.php\/stilistika1\/1827-gabrijela-puljic\">dr. sc. Gabrijela Pulji\u0107, vi\u0161a asistentica <\/a><\/p>\n\n\n\n<p>23. <a href=\"http:\/\/www.ffzg.unizg.hr\/roman\/francuski-nastavnici-dr-sc-maja-zorica-docentica\/\">izv. prof. dr. sc. Maja Zorica<\/a><\/p>\n\n\n\n<p>24. <a href=\"http:\/\/www.ffzg.unizg.hr\/kompk\/index.php?show=page.php&amp;idPage=219\">Petra Po\u017egaj, asistentica<\/a><\/p>\n\n\n\n<p>25. <a href=\"https:\/\/www.ffzg.unizg.hr\/slaven\/juzslav\/nastavnici\/ivica-bakovic\/\">doc. dr. sc. Ivica Bakovi\u0107<\/a><\/p>\n\n\n\n<p>26. <a href=\"https:\/\/theta.ffzg.hr\/ECTS\/Osoba\/Index\/3965\">doc. dr. sc. Snje\u017eana Koren<\/a><\/p>\n\n\n\n<p>27. <a href=\"https:\/\/theta.ffzg.hr\/ECTS\/Osoba\/Index\/5753\">Dea Mari\u0107, predava\u010dica<\/a><\/p>\n\n\n\n<p>28. <a href=\"https:\/\/filoz.ffzg.unizg.hr\/nastavnici\/ankica-cakardic\/\">izv. prof. dr. sc. Ankica \u010cakardi\u0107<\/a><\/p>\n\n\n\n<p>29. <a href=\"https:\/\/filoz.ffzg.unizg.hr\/nastavnici\/luka-bogdanic\/\">izv. prof. dr. sc. Luka Bogdani\u0107<\/a><\/p>\n\n\n\n<p>30. <a href=\"https:\/\/germanistika.ffzg.unizg.hr\/odsjek\/nastavnici\/dr-sc-jelena-spreicer\/\">doc. dr. sc. Jelena Spreicer<\/a><\/p>\n\n\n\n<p>31. <a href=\"https:\/\/etno.ffzg.unizg.hr\/nastavnici\/dr-sc-ivona-grgurinovic\/\">doc. dr. sc. Ivona Grgurinovi\u0107<\/a><\/p>\n\n\n\n<p>32. <a href=\"https:\/\/thetha.ffzg.hr\/ECTS\/Osoba\/Index\/3199\">izv. prof. dr. sc. Sven Cvek<\/a><\/p>\n\n\n\n<p>33. <a href=\"https:\/\/thetha.ffzg.hr\/ECTS\/Osoba\/Index\/5612\">dr. sc. Hrvoje Tutek, vi\u0161i asistent<\/a><\/p>\n\n\n\n<p>34. <a href=\"https:\/\/thetha.ffzg.hr\/ECTS\/Osoba\/Index\/5572\">izv. prof. dr. sc. Kre\u0161imir \u017da\u017ear<\/a><\/p>\n\n\n\n<p>35. <a href=\"https:\/\/kroat.ffzg.unizg.hr\/index.php\/novija-knjizevnost1\/82-tvrtko-vukovic\">prof. dr. sc. Tvrtko Vukovi\u0107<\/a><\/p>\n\n\n\n<p>36. <a href=\"https:\/\/kroat.ffzg.unizg.hr\/index.php\/novija-knjizevnost1\/4738-dr-sc-iva-kosmos\">dr. sc. Iva Kosmos, vi\u0161a asistentica<\/a><\/p>\n\n\n\n<p>37. <a href=\"https:\/\/www.ffzg.unizg.hr\/slaven\/juzslav\/nastavnici\/ivana-latkovic\/\">izv. prof. dr. sc. Ivana Latkovi\u0107<\/a><\/p>\n\n\n\n<p>38. <a href=\"https:\/\/komparativna.ffzg.unizg.hr\/david-sporer\/\">prof. dr. sc. David \u0160porer<\/a><\/p>\n\n\n\n<p>39. <a href=\"https:\/\/dev.ffzg.unizg.hr\/hr\/nastavnici\/jelena-lalatovic-6760\">dr. sc. Jelena Lalatovi\u0107, vi\u0161a asistentica<\/a> <\/p>\n\n\n\n<p><\/p>\n","protected":false},"excerpt":{"rendered":"<p>Vije\u0107e Centra \u010dine: voditelj Centra, zamjenik voditelja Centra, svi nastavnici koji u teku\u0107oj akademskoj godini sudjeluju u aktivnostima koje koordinira i izvodi Centar, te \u010dlanica Uprave Filozofskog fakulteta izv. prof. dr. sc Dolores Grma\u010da, prodekanica za studijske programe i cjeo\u017eivotno obrazovanje. \u010clanice i \u010dlanovi: 1. izv. prof. dr. sc. Zrinka Bo\u017ei\u0107 2. izv. prof. dr.<\/p>\n<p><a class=\"btn btn-secondary understrap-read-more-link\" href=\"https:\/\/ctih.ffzg.unizg.hr\/index.php\/o-nama\/vijece\/\">Read More<span class=\"screen-reader-text\"> from Vije\u0107e<\/span><\/a><\/p>\n","protected":false},"author":2,"featured_media":0,"parent":17,"menu_order":0,"comment_status":"closed","ping_status":"closed","template":"","meta":{"_acf_changed":false,"inline_featured_image":false,"footnotes":""},"class_list":["post-30","page","type-page","status-publish","hentry"],"acf":[],"_links":{"self":[{"href":"https:\/\/ctih.ffzg.unizg.hr\/index.php\/wp-json\/wp\/v2\/pages\/30","targetHints":{"allow":["GET"]}}],"collection":[{"href":"https:\/\/ctih.ffzg.unizg.hr\/index.php\/wp-json\/wp\/v2\/pages"}],"about":[{"href":"https:\/\/ctih.ffzg.unizg.hr\/index.php\/wp-json\/wp\/v2\/types\/page"}],"author":[{"embeddable":true,"href":"https:\/\/ctih.ffzg.unizg.hr\/index.php\/wp-json\/wp\/v2\/users\/2"}],"replies":[{"embeddable":true,"href":"https:\/\/ctih.ffzg.unizg.hr\/index.php\/wp-json\/wp\/v2\/comments?post=30"}],"version-history":[{"count":12,"href":"https:\/\/ctih.ffzg.unizg.hr\/index.php\/wp-json\/wp\/v2\/pages\/30\/revisions"}],"predecessor-version":[{"id":809,"href":"https:\/\/ctih.ffzg.unizg.hr\/index.php\/wp-json\/wp\/v2\/pages\/30\/revisions\/809"}],"up":[{"embeddable":true,"href":"https:\/\/ctih.ffzg.unizg.hr\/index.php\/wp-json\/wp\/v2\/pages\/17"}],"wp:attachment":[{"href":"https:\/\/ctih.ffzg.unizg.hr\/index.php\/wp-json\/wp\/v2\/media?parent=30"}],"curies":[{"name":"wp","href":"https:\/\/api.w.org\/{rel}","templated":true}]}}

Vijeće

<p>Vijeće Centra čine: voditelj Centra, zamjenik voditelja Centra, svi nastavnici koji u tekućoj akademskoj godini sudjeluju u aktivnostima koje koordinira i izvodi Centar, te članica Uprave Filozofskog fakulteta <a href="https://kroat.ffzg.unizg.hr/index.php/starija-knjizevnost1/88-dolores-grmaca">izv. prof. dr. sc Dolores Grmača</a>, prodekanica za studijske programe i cjeoživotno obrazovanje.</p>



<p>Članice i članovi:</p>



<p>1. <a href="https://kroat.ffzg.unizg.hr/index.php/teorija-knjizevnosti1/55-zrinka-bozic">izv. prof. dr. sc. Zrinka Božić</a></p>



<p>2. <a href="https://povijest.ffzg.unizg.hr/nastavnici/branimir_jankovic/">izv. prof. dr. sc. Branimir Janković</a></p>



<p>3. <a href="https://kroat.ffzg.unizg.hr/index.php/novija-knjizevnost1/81-marina-protrka-stimec">prof. dr. sc. Marina Protrka Štimec</a></p>



<p>4. <a href="https://etno.ffzg.unizg.hr/nastavnici/dr-sc-tanja-bukovcan/">izv. prof. dr. sc. Tanja Bukovčan</a></p>



<p>5. <a href="https://rusistika.ffzg.unizg.hr/?page_id=110">izv. prof. dr. sc. Danijela Lugarić Vukas</a></p>



<p>6. <a href="https://filoz.ffzg.unizg.hr/nastavnici/mislav-zitko/">doc. dr. sc. Mislav Žitko</a></p>



<p>7. <a href="https://kroat.ffzg.unizg.hr/index.php/teorija-knjizevnosti1/56-andrea-milanko">doc. dr. sc. Andrea Milanko</a></p>



<p>8. <a href="http://www.ffzg.unizg.hr/kompk/index.php?show=page.php&amp;idPage=74">doc. dr. sc. Ana Tomljenović</a></p>



<p>9. <a href="https://kroat.ffzg.unizg.hr/index.php/teorija-knjizevnosti1/57-zvonimir-glavas">doc. dr. sc. Zvonimir Glavaš</a></p>



<p>10. <a href="https://www.ffzg.unizg.hr/roman/francuski/nastavnici/dr-sc-nenad-ivic-red-prof/">prof. dr. sc. Nenad Ivić</a> (red. prof. u miru)</p>



<p>11. <a href="https://www.ffzg.unizg.hr/kompk/index.php?show=page.php&amp;idPage=53">prof. dr. sc. Dean Duda</a></p>



<p>12. <a href="https://kroat.ffzg.unizg.hr/index.php/teorija-knjizevnosti1/3233-mirela-dakic">dr. sc. Mirela Dakić</a></p>



<p>13. <a href="https://www.caponeu.eu/cdp/people/karlo-drzaic">Karlo Držaić, asistent</a></p>



<p>14. <a href="https://www.caponeu.eu/cdp/people/ante-andabak">Ante Andabak, asistent</a><a href=""></a></p>



<p>15. <a href="https://www.caponeu.eu/cdp/people/eric-bergman">dr. sc. Eric Bergman, viši asistent</a></p>



<p>16. <a href="https://theta.ffzg.hr/ECTS/Osoba/Index/5757">dr. sc. Nikola Tomašegović, viši asistent</a></p>



<p>17. <a href="http://www.ffzg.unizg.hr/kompk/index.php?show=page.php&amp;idPage=21">izv. prof. dr. sc. Tomislav Brlek</a></p>



<p>18. <a href="https://www.ffzg.unizg.hr/kompk/index.php?show=page.php&amp;idPage=51">prof. dr. sc. Lada Čale Feldman</a></p>



<p>19. <a href="https://kroat.ffzg.unizg.hr/index.php/novija-knjizevnost1/79-masa-kolanovic">izv. prof. dr. sc. Maša Kolanović</a></p>



<p>20. <a href="https://www.ffzg.unizg.hr/german/cms/index.php?option=com_content&amp;task=view&amp;id=1360">prof. dr. sc. Milka Car Prijić</a></p>



<p>21. <a href="https://kroat.ffzg.unizg.hr/index.php/stilistika1/19-anera-ryznar">izv. prof. dr. sc. Anera Ryznar</a></p>



<p>22. <a href="https://kroat.ffzg.unizg.hr/index.php/stilistika1/1827-gabrijela-puljic">dr. sc. Gabrijela Puljić, viša asistentica </a></p>



<p>23. <a href="http://www.ffzg.unizg.hr/roman/francuski-nastavnici-dr-sc-maja-zorica-docentica/">izv. prof. dr. sc. Maja Zorica</a></p>



<p>24. <a href="http://www.ffzg.unizg.hr/kompk/index.php?show=page.php&amp;idPage=219">Petra Požgaj, asistentica</a></p>



<p>25. <a href="https://www.ffzg.unizg.hr/slaven/juzslav/nastavnici/ivica-bakovic/">doc. dr. sc. Ivica Baković</a></p>



<p>26. <a href="https://theta.ffzg.hr/ECTS/Osoba/Index/3965">doc. dr. sc. Snježana Koren</a></p>



<p>27. <a href="https://theta.ffzg.hr/ECTS/Osoba/Index/5753">Dea Marić, predavačica</a></p>



<p>28. <a href="https://filoz.ffzg.unizg.hr/nastavnici/ankica-cakardic/">izv. prof. dr. sc. Ankica Čakardić</a></p>



<p>29. <a href="https://filoz.ffzg.unizg.hr/nastavnici/luka-bogdanic/">izv. prof. dr. sc. Luka Bogdanić</a></p>



<p>30. <a href="https://germanistika.ffzg.unizg.hr/odsjek/nastavnici/dr-sc-jelena-spreicer/">doc. dr. sc. Jelena Spreicer</a></p>



<p>31. <a href="https://etno.ffzg.unizg.hr/nastavnici/dr-sc-ivona-grgurinovic/">doc. dr. sc. Ivona Grgurinović</a></p>



<p>32. <a href="https://thetha.ffzg.hr/ECTS/Osoba/Index/3199">izv. prof. dr. sc. Sven Cvek</a></p>



<p>33. <a href="https://thetha.ffzg.hr/ECTS/Osoba/Index/5612">dr. sc. Hrvoje Tutek, viši asistent</a></p>



<p>34. <a href="https://thetha.ffzg.hr/ECTS/Osoba/Index/5572">izv. prof. dr. sc. Krešimir Žažar</a></p>



<p>35. <a href="https://kroat.ffzg.unizg.hr/index.php/novija-knjizevnost1/82-tvrtko-vukovic">prof. dr. sc. Tvrtko Vuković</a></p>



<p>36. <a href="https://kroat.ffzg.unizg.hr/index.php/novija-knjizevnost1/4738-dr-sc-iva-kosmos">dr. sc. Iva Kosmos, viša asistentica</a></p>



<p>37. <a href="https://www.ffzg.unizg.hr/slaven/juzslav/nastavnici/ivana-latkovic/">izv. prof. dr. sc. Ivana Latković</a></p>



<p>38. <a href="https://komparativna.ffzg.unizg.hr/david-sporer/">prof. dr. sc. David Šporer</a></p>



<p>39. <a href="https://dev.ffzg.unizg.hr/hr/nastavnici/jelena-lalatovic-6760">dr. sc. Jelena Lalatović, viša asistentica</a> </p>



<p></p>

<p>Vijeće Centra čine: voditelj Centra, zamjenik voditelja Centra, svi nastavnici koji u tekućoj akademskoj godini sudjeluju u aktivnostima koje koordinira i izvodi Centar, te članica Uprave Filozofskog fakulteta izv. prof. dr. sc Dolores Grmača, prodekanica za studijske programe i cjeoživotno obrazovanje. Članice i članovi: 1. izv. prof. dr. sc. Zrinka Božić 2. izv. prof. dr.</p>
<p><a class="btn btn-secondary understrap-read-more-link" href="https://ctih.ffzg.unizg.hr/index.php/o-nama/vijece/">Read More<span class="screen-reader-text"> from Vijeće</span></a></p>
