{"id":51,"date":"2024-12-03T10:29:56","date_gmt":"2024-12-03T10:29:56","guid":{"rendered":"http:\/\/ctih.local\/?page_id=51"},"modified":"2025-01-21T14:42:22","modified_gmt":"2025-01-21T14:42:22","slug":"istrazivanje","status":"publish","type":"page","link":"https:\/\/ctih.ffzg.unizg.hr\/index.php\/djelatnosti\/istrazivanje\/","title":{"rendered":"Istra\u017eivanje"},"content":{"rendered":"\n<p>Centar provodi istra\u017eiva\u010dke djelatnost kroz razli\u010dite istra\u017eiva\u010dke projekte (institucijske, nacionalne i me\u0111unarodne), individualna istra\u017eivanja i kroz suradnju s drugim institucijama.<\/p>\n\n\n\n<p>U Centru se trenutno provode sljede\u0107i projekti:<\/p>\n\n\n\n<p><\/p>\n","protected":false},"excerpt":{"rendered":"<p>Centar provodi istra\u017eiva\u010dke djelatnost kroz razli\u010dite istra\u017eiva\u010dke projekte (institucijske, nacionalne i me\u0111unarodne), individualna istra\u017eivanja i kroz suradnju s drugim institucijama. U Centru se trenutno provode sljede\u0107i projekti:<\/p>\n<p><a class=\"btn btn-secondary understrap-read-more-link\" href=\"https:\/\/ctih.ffzg.unizg.hr\/index.php\/djelatnosti\/istrazivanje\/\">Read More<span class=\"screen-reader-text\"> from Istra\u017eivanje<\/span><\/a><\/p>\n","protected":false},"author":2,"featured_media":0,"parent":19,"menu_order":0,"comment_status":"closed","ping_status":"closed","template":"page-templates\/CTIH_activity_field.php","meta":{"_acf_changed":false,"inline_featured_image":false,"footnotes":""},"class_list":["post-51","page","type-page","status-publish","hentry"],"acf":[],"_links":{"self":[{"href":"https:\/\/ctih.ffzg.unizg.hr\/index.php\/wp-json\/wp\/v2\/pages\/51","targetHints":{"allow":["GET"]}}],"collection":[{"href":"https:\/\/ctih.ffzg.unizg.hr\/index.php\/wp-json\/wp\/v2\/pages"}],"about":[{"href":"https:\/\/ctih.ffzg.unizg.hr\/index.php\/wp-json\/wp\/v2\/types\/page"}],"author":[{"embeddable":true,"href":"https:\/\/ctih.ffzg.unizg.hr\/index.php\/wp-json\/wp\/v2\/users\/2"}],"replies":[{"embeddable":true,"href":"https:\/\/ctih.ffzg.unizg.hr\/index.php\/wp-json\/wp\/v2\/comments?post=51"}],"version-history":[{"count":4,"href":"https:\/\/ctih.ffzg.unizg.hr\/index.php\/wp-json\/wp\/v2\/pages\/51\/revisions"}],"predecessor-version":[{"id":219,"href":"https:\/\/ctih.ffzg.unizg.hr\/index.php\/wp-json\/wp\/v2\/pages\/51\/revisions\/219"}],"up":[{"embeddable":true,"href":"https:\/\/ctih.ffzg.unizg.hr\/index.php\/wp-json\/wp\/v2\/pages\/19"}],"wp:attachment":[{"href":"https:\/\/ctih.ffzg.unizg.hr\/index.php\/wp-json\/wp\/v2\/media?parent=51"}],"curies":[{"name":"wp","href":"https:\/\/api.w.org\/{rel}","templated":true}]}}