{"id":838,"date":"2026-02-12T11:07:41","date_gmt":"2026-02-12T11:07:41","guid":{"rendered":"https:\/\/ctih.ffzg.unizg.hr\/?page_id=838"},"modified":"2026-04-12T21:24:37","modified_gmt":"2026-04-12T21:24:37","slug":"izazovi-intelektualne-povijesti-recepcije-preobrazbe-i-upotrebe-politickih-ideja","status":"publish","type":"page","link":"https:\/\/ctih.ffzg.unizg.hr\/index.php\/djelatnosti\/istrazivanje\/izazovi-intelektualne-povijesti-recepcije-preobrazbe-i-upotrebe-politickih-ideja\/","title":{"rendered":"Izazovi intelektualne povijesti: recepcije, preobrazbe i upotrebe politi\u010dkih ideja"},"content":{"rendered":"\n<p>Projekt se bavi specifi\u010dnostima intelektualne povijesti, jedne od historijskih poddisciplina koja je ve\u0107 du\u017ee vrijeme u sna\u017enom usponu, ali i pristupa bliskom drugim dru\u0161tvenim i humanisti\u010dkim znanostima poput politologije, filozofije i znanosti o knji\u017eevnosti. Projekt \u0107e stoga propitivati interdisciplinarni karakter intelektualne povijesti i prilike koje nudi drugim disciplinama, na tragu zajedni\u010dkog interesa za intelektualce, ideje i tekstove te kontekstualizaciju i historizaciju. Pritom je fokus na povijesti politi\u010dkih ideja koje su neminovno prisutne u svim strukama i njihovim tematskim usmjerenjima. Projekt \u0107e stoga povezivati intelektualnu i politi\u010dku povijest, prate\u0107i cirkulaciju politi\u010dkih ideja u me\u0111unarodnom \u2013 gotovo globalnom \u2013 opticaju, s naglaskom na njihove mnogobrojne i raznovrsne recepcije te na\u010dine na koje ih se prilago\u0111ava i transformira za specifi\u010dne lokalne potrebe i zatim uvodi u konkretnu upotrebu. Navedena pitanja projekt \u0107e tematski prou\u010davati na nizu studija slu\u010dajeva u rasponu od ilirskog nacionalnog pokreta, socijalisti\u010dkog pokreta i marksizma, liberalizma i nacionalizma te u vremenskom okviru od 19. do 21. stolje\u0107a. Time \u0107e raznolike istra\u017eiva\u010dke teme \u2013 me\u0111utim sa sna\u017enim povezuju\u0107im fokusom na politi\u010dke ideje \u2013 pokazati specifi\u010dnu raznovrsnost intelektualne povijesti prisutnu u historiografiji, politologiji, filozofiji i znanosti o knji\u017eevnosti. To \u0107e voditi zaklju\u010dnim razmatranjima o teorijskim i prakti\u010dnim izazovima intelektualne povijesti i interdisciplinarne suradnje na njezinim osnovama.<\/p>\n\n\n\n<p>Op\u0161irnije:<\/p>\n\n\n\n<p><a href=\"https:\/\/www.croris.hr\/projekti\/projekt\/16056\">https:\/\/www.croris.hr\/projekti\/projekt\/16056<\/a><\/p>\n","protected":false},"excerpt":{"rendered":"<p>Projekt se bavi specifi\u010dnostima intelektualne povijesti, jedne od historijskih poddisciplina koja je ve\u0107 du\u017ee vrijeme u sna\u017enom usponu, ali i pristupa bliskom drugim dru\u0161tvenim i humanisti\u010dkim znanostima poput politologije, filozofije i znanosti o knji\u017eevnosti. Projekt \u0107e stoga propitivati interdisciplinarni karakter intelektualne povijesti i prilike koje nudi drugim disciplinama, na tragu zajedni\u010dkog interesa za intelektualce, ideje<\/p>\n<p><a class=\"btn btn-secondary understrap-read-more-link\" href=\"https:\/\/ctih.ffzg.unizg.hr\/index.php\/djelatnosti\/istrazivanje\/izazovi-intelektualne-povijesti-recepcije-preobrazbe-i-upotrebe-politickih-ideja\/\">Read More<span class=\"screen-reader-text\"> from Izazovi intelektualne povijesti: recepcije, preobrazbe i upotrebe politi\u010dkih ideja<\/span><\/a><\/p>\n","protected":false},"author":1,"featured_media":0,"parent":51,"menu_order":5,"comment_status":"closed","ping_status":"closed","template":"","meta":{"_acf_changed":false,"inline_featured_image":false,"footnotes":""},"class_list":["post-838","page","type-page","status-publish","hentry"],"acf":[],"_links":{"self":[{"href":"https:\/\/ctih.ffzg.unizg.hr\/index.php\/wp-json\/wp\/v2\/pages\/838","targetHints":{"allow":["GET"]}}],"collection":[{"href":"https:\/\/ctih.ffzg.unizg.hr\/index.php\/wp-json\/wp\/v2\/pages"}],"about":[{"href":"https:\/\/ctih.ffzg.unizg.hr\/index.php\/wp-json\/wp\/v2\/types\/page"}],"author":[{"embeddable":true,"href":"https:\/\/ctih.ffzg.unizg.hr\/index.php\/wp-json\/wp\/v2\/users\/1"}],"replies":[{"embeddable":true,"href":"https:\/\/ctih.ffzg.unizg.hr\/index.php\/wp-json\/wp\/v2\/comments?post=838"}],"version-history":[{"count":6,"href":"https:\/\/ctih.ffzg.unizg.hr\/index.php\/wp-json\/wp\/v2\/pages\/838\/revisions"}],"predecessor-version":[{"id":930,"href":"https:\/\/ctih.ffzg.unizg.hr\/index.php\/wp-json\/wp\/v2\/pages\/838\/revisions\/930"}],"up":[{"embeddable":true,"href":"https:\/\/ctih.ffzg.unizg.hr\/index.php\/wp-json\/wp\/v2\/pages\/51"}],"wp:attachment":[{"href":"https:\/\/ctih.ffzg.unizg.hr\/index.php\/wp-json\/wp\/v2\/media?parent=838"}],"curies":[{"name":"wp","href":"https:\/\/api.w.org\/{rel}","templated":true}]}}

Izazovi intelektualne povijesti: recepcije, preobrazbe i upotrebe političkih ideja

<p>Projekt se bavi specifičnostima intelektualne povijesti, jedne od historijskih poddisciplina koja je već duže vrijeme u snažnom usponu, ali i pristupa bliskom drugim društvenim i humanističkim znanostima poput politologije, filozofije i znanosti o književnosti. Projekt će stoga propitivati interdisciplinarni karakter intelektualne povijesti i prilike koje nudi drugim disciplinama, na tragu zajedničkog interesa za intelektualce, ideje i tekstove te kontekstualizaciju i historizaciju. Pritom je fokus na povijesti političkih ideja koje su neminovno prisutne u svim strukama i njihovim tematskim usmjerenjima. Projekt će stoga povezivati intelektualnu i političku povijest, prateći cirkulaciju političkih ideja u međunarodnom – gotovo globalnom – opticaju, s naglaskom na njihove mnogobrojne i raznovrsne recepcije te načine na koje ih se prilagođava i transformira za specifične lokalne potrebe i zatim uvodi u konkretnu upotrebu. Navedena pitanja projekt će tematski proučavati na nizu studija slučajeva u rasponu od ilirskog nacionalnog pokreta, socijalističkog pokreta i marksizma, liberalizma i nacionalizma te u vremenskom okviru od 19. do 21. stoljeća. Time će raznolike istraživačke teme – međutim sa snažnim povezujućim fokusom na političke ideje – pokazati specifičnu raznovrsnost intelektualne povijesti prisutnu u historiografiji, politologiji, filozofiji i znanosti o književnosti. To će voditi zaključnim razmatranjima o teorijskim i praktičnim izazovima intelektualne povijesti i interdisciplinarne suradnje na njezinim osnovama.</p>



<p>Opširnije:</p>



<p><a href="https://www.croris.hr/projekti/projekt/16056">https://www.croris.hr/projekti/projekt/16056</a></p>

<p>Projekt se bavi specifičnostima intelektualne povijesti, jedne od historijskih poddisciplina koja je već duže vrijeme u snažnom usponu, ali i pristupa bliskom drugim društvenim i humanističkim znanostima poput politologije, filozofije i znanosti o književnosti. Projekt će stoga propitivati interdisciplinarni karakter intelektualne povijesti i prilike koje nudi drugim disciplinama, na tragu zajedničkog interesa za intelektualce, ideje</p>
<p><a class="btn btn-secondary understrap-read-more-link" href="https://ctih.ffzg.unizg.hr/index.php/djelatnosti/istrazivanje/izazovi-intelektualne-povijesti-recepcije-preobrazbe-i-upotrebe-politickih-ideja/">Read More<span class="screen-reader-text"> from Izazovi intelektualne povijesti: recepcije, preobrazbe i upotrebe političkih ideja</span></a></p>
